154. What is the greatest common divisor of x and 22?
22
Let o be (-8)/((-320)/(-6952))*-5. Suppose 33*p - o + 209 = 0. What is the highest common divisor of 380 and p?
20
Suppose 14*r + 5*i = 9*r - 5, -r + 2*i + 14 = 0. Suppose -3*z - 2539 + 964 = -r*y, 15 = 5*z. What is the highest common factor of y and 11?
11
Suppose -1881 = -5*v + 3*g, -6*v - 6*g = -v - 1818. Calculate the highest common factor of v and 42.
6
Let y(c) = c**2 + 10*c - 74. Let r be y(-17). Suppose -17 = 4*d - r. What is the highest common divisor of d and 343?
7
Suppose b - 12 = 4*f, -3*b + 5*f - 3*f + 56 = 0. Suppose 52 = 2*q + 18. Let h = 37 - q. Calculate the greatest common factor of h and b.
20
Let j = 283 + -264. Suppose 11*a + 2400 = j*a. What is the greatest common factor of 60 and a?
60
Let i be (-4)/3*24/(-16). Suppose i*p + 9 = -p. Let l be p/(-15) + 220/25. What is the greatest common factor of l and 27?
9
Suppose -f - f = 3*v + 154, f - 1 = 0. Let w = v - -160. What is the greatest common divisor of w and 72?
36
Suppose 6*y = -484 + 490. Calculate the highest common divisor of y and 31.
1
Let n = 2185 - 2002. Calculate the highest common factor of n and 3416.
61
Let z(j) = -2*j**3 - j + 6. Let x be -1 + (-12)/6 + (-6)/(-2). Let o be (x - (-3 + 5 - 0)) + -2. Let k be z(o). What is the highest common divisor of 23 and k?
23
Let a = 268 - 215. Suppose 0 = -3*n - 4*o + 1129, -5*n = -o - 1594 - 257. What is the highest common factor of a and n?
53
Suppose 66*z - 34*z - 1102275 = -193*z. What is the greatest common factor of z and 46?
23
Let v be 3/11 - 4866/(-66). Calculate the greatest common divisor of v and 11729.
37
Let t be -9 - 459/36*-4. Calculate the greatest common factor of 1694 and t.
14
Suppose 26 = -23*c + 118. What is the greatest common factor of 61 and c?
1
Let l be -5 + 3 + (-1 - 0). Let x be 290 + l/6*4. Suppose -2*r = 2*r - x. What is the greatest common factor of 18 and r?
18
Let x = 22 + 2. Let a be 32/56*(7/2 - 0). Suppose -a*o + v + 22 = o, -5*o = -5*v - 30. Calculate the highest common divisor of o and x.
8
Let v be -17 + 4830174/738 - (-10)/205. What is the highest common factor of v and 34?
34
Suppose 0*s - s - 163 = -2*j, 74 = j - 3*s. Suppose 4*k + 2*h - 302 = 0, 5*k - 4*k - j = -3*h. What is the highest common divisor of 148 and k?
74
Let v(i) = -9*i - i**3 - 319 - 7*i**2 + 155 + 155. Let k be v(-6). Calculate the greatest common factor of 27 and k.
9
Suppose 4*x - 848 = -3*i, -2*x - 53*i = -49*i - 424. Let j = 6 - 2. Calculate the greatest common divisor of j and x.
4
Let m be (5 - 1165/20)/(6/(-64)). Let x = m + -226. Suppose -6*p + x = -18. Calculate the greatest common factor of 20 and p.
20
Suppose 298 = -5*m - 3*n, 5*m - n + 74 = -240. Let r be -2 - 2 - m/2. Let g = -23 + r. What is the greatest common factor of g and 4?
4
Let f(a) = 2*a**2 + 15*a + 80. Let p be f(-5). Let k be (-125)/(-2)*(-176)/(-20). Calculate the highest common factor of p and k.
55
Let g(y) be the first derivative of 10*y**3/3 + y**2 + 1. Let w be g(-2). Let r = 310968 - 310878. What is the highest common factor of r and w?
18
Suppose 0 = -2*d - 9 + 13. Let j be (d/2)/((-2)/(-22)). Suppose 0 = -2*o + 2*s - 4, 5*o - 13*s + 4 = -10*s. What is the highest common divisor of j and o?
1
Suppose t + 94 = -0*t - 2*k, 3*t + k = -292. Let i = -71 - t. Let a = 12 + i. Calculate the greatest common divisor of a and 273.
39
Let u be (-9 + 2 - (-4)/1) + 893. What is the highest common factor of u and 623?
89
Let d be 60/1140 - 56/(-19) - -3003. Calculate the greatest common factor of d and 9.
9
Let a be (4 + 2)/2 - 3. Suppose a = 11*m - 194 - 125. Let s = m + -23. What is the greatest common factor of s and 8?
2
Suppose -12 = -4*w, -3*w = -5*f + 6598 + 13073. What is the greatest common divisor of f and 738?
246
Suppose -232*p + 227*p = -20, -5*p = 5*b - 95. Suppose -2*x + 4*w + 16 = 0, -w - 2*w - 3 = 0. What is the highest common factor of b and x?
3
Let n(c) = 4*c**2 + 36*c + 36. Let p be n(-12). Let h = -150 + p. What is the highest common divisor of h and 30?
30
Let p be (8/10)/((-1)/(-30)). Let l(t) = -75*t + 98. Let b be l(-5). Let h = -389 + b. Calculate the highest common factor of p and h.
12
Let z be (2 - (-3506)/8)/(18/48). Suppose -5*c + z - 979 = 0. Calculate the highest common divisor of 221 and c.
13
Suppose -25*s - 25*s - 28*s = -780. What is the highest common divisor of s and 3865?
5
Let d = 13505 + -13410. What is the greatest common factor of 2812 and d?
19
Let x be ((-2543)/(-7) - 1) + 2/(-7). Let v = x + -192. Calculate the greatest common factor of v and 10.
10
Let m(w) = 164*w**2 - 20*w - 20. Let h be m(-1). Calculate the highest common divisor of 36 and h.
4
Let t(l) = -58*l**3 + 31*l**2 - 11*l - 69. Let r be t(-7). Calculate the greatest common factor of r and 31.
31
Let j = -6165 + 6687. What is the highest common factor of 63 and j?
9
Let a be (1/(2/(-14)))/(13/(-39)). Let x be (-1 + a)*((-30)/(-12))/1. Suppose -p = -4*r - 2, -3 = -p + 2*r + 3. What is the highest common factor of x and p?
10
Suppose -137 + 170 = -15*x + 123. Suppose 0 = -3*f - 0*f + 24. What is the highest common factor of f and x?
2
Suppose -2*b + v + 21 = 5, -5*b + 40 = -4*v. Calculate the highest common divisor of b and 162.
2
Suppose 277*h + 4009 - 36841 = 33648. Let q(g) = g**3 + 8*g**2 - 3*g - 9. Let x be q(-8). Calculate the highest common divisor of x and h.
15
Suppose 3*l + 2*d + 146 = 5*l, 0 = -4*l + d + 304. Let k(t) = -8*t**3 + t**2 + 5*t + 1. Let z be k(-5). What is the greatest common factor of z and l?
77
Suppose 0 = 154*y - 153*y - 13. Suppose -y*x - 55 = -614. What is the greatest common factor of 731 and x?
43
Let z(o) = -86*o - 320. Let n be z(-40). Calculate the greatest common divisor of 90 and n.
30
Let t be 183 + (5 + -3)*1 - 3. Let f = 100 + t. What is the highest common factor of f and 47?
47
Let s(a) = a**3 - 8*a**2 - 13*a + 38. Let t be s(9). Suppose 4*v - 3*f - 246 = 0, -3*v + 4*f + 68 = -t*v. What is the greatest common factor of 140 and v?
20
Let g be (-8)/(-132) - (-37177)/462*2. What is the greatest common divisor of 42 and g?
7
Let a = -8491 + 8591. Calculate the greatest common divisor of a and 740.
20
Suppose 4*n - 88 = -0*n. Suppose 0 = -4*j - 4*x + 788, -17 = -2*j - 5*x + 374. Calculate the highest common divisor of n and j.
22
Let r = 5727 + -5717. Calculate the greatest common divisor of r and 605.
5
Let p(m) = 5*m - 248. Let x be p(29). Suppose 3*d + l = 372, 4*d = 3*d - l + 126. Let h = d + x. Calculate the highest common divisor of h and 50.
10
Let r = 29034 + -27593. Calculate the greatest common divisor of 917 and r.
131
Let v = 4154 + -4153. Suppose 0 = -0*b - b - 4*m + 29, b = -3*m + 24. Calculate the highest common divisor of b and v.
1
Let p(f) = 2*f - 38. Let w be p(19). Suppose 2*h - 4 = -w*h. Suppose 0 = 8*o - h*o - 108. What is the highest common divisor of o and 126?
18
Let a be 0*8/(-112) - -294. Calculate the greatest common factor of a and 18.
6
Suppose 0 = -l + 3, -4*r + 4*l - 2*l + 274 = 0. Let i be 71 + 260/r + (-4)/(-14). Let h = 78 - 28. Calculate the greatest common factor of h and i.
25
Let p(l) = -153*l**3 - l**2 + l + 5. Let t be p(-2). Suppose 23*g - 1468 = t. Calculate the greatest common divisor of 36 and g.
9
Suppose t + 3*t = 32. Suppose -2*z = j - 7*z + 12, 2*z = t. Suppose 408 = 69*l - l. Calculate the highest common divisor of l and j.
2
Suppose -4574 + 3793 = 166*w - 15887. What is the greatest common factor of 4459 and w?
91
Let f be 7*(0 - 1117)*(-5 + (-160)/(-35)). Calculate the highest common factor of 3 and f.
3
Suppose -3*a - 40 = -4*y, -4*a - 7 = 5*y + 5. Let o be 64*((-18)/a - 1). Let i = 136 - o. Calculate the greatest common factor of 14 and i.
14
Suppose -4*v + 732 = w, -17*w - 1428 = -19*w + 4*v. Suppose -6*z + 2358 = w. Calculate the highest common factor of z and 91.
91
Suppose -39 = -8*v + 105. Let k be ((-21)/9 - -5)*v/(-4). Let c be (5/5)/((-1)/k). Calculate the greatest common factor of c and 12.
12
Let l be 3/(-2)*((-315)/27 - 3). Suppose 15 = 3*d - 3*k, 9 = -2*d + k + l. Let h be 42 + (4 - 2)*-1. Calculate the highest common divisor of d and h.
8
Suppose 0 = -51*j + 82*j - 992. Let d be 0 - (1 + -81)*20. Suppose 3*v + 2*v - d = 0. Calculate the greatest common factor of v and j.
32